{"id":216,"date":"2020-11-19T10:11:01","date_gmt":"2020-11-19T09:11:01","guid":{"rendered":"http:\/\/praxis2.doradus.de\/?page_id=216"},"modified":"2020-12-23T21:40:19","modified_gmt":"2020-12-23T20:40:19","slug":"wochenbett","status":"publish","type":"page","link":"https:\/\/www.hebammenpraxis-grow.de\/index.php\/wochenbett\/","title":{"rendered":"Wochenbett"},"content":{"rendered":"\n<h2>Wochenbettbetreuung &amp; Nachsorge<\/h2>\n\n\n\n<h3 class=\"has-text-color\" style=\"color:#ffe37e\"><em>\u201eFamilienleben, Abenteuer, Z\u00e4rtlichkeit\u201c<\/em><\/h3>\n\n\n\n<p>Ab dem Tag der Entlassung aus dem Krankenhaus habt Ihr Anspruch auf Hebammenbetreuung bei Euch zu Hause.<\/p>\n\n\n\n<p>W\u00e4hrend dieser ersten sensiblen Zeit, bin ich f\u00fcr Euch da. Ich schaue nach Eurer R\u00fcckbildung, Wundheilung, Stillen und F\u00fcttern, Nabelpflege, Gewichtskontrollen beim Kind und unterst\u00fctze Euch dabei, den neuen Familienalltag zu genie\u00dfen.<\/p>\n\n\n\n<div class=\"wp-block-image\"><figure class=\"alignright size-large is-resized\"><img loading=\"lazy\" src=\"https:\/\/www.hebammenpraxis-grow.de\/wp-content\/uploads\/2020\/12\/Kind-am-Wickeltisch-700x1050.jpg\" alt=\"Frau mit Kind am Wickeltisch\" class=\"wp-image-498\" width=\"187\" height=\"281\" srcset=\"https:\/\/www.hebammenpraxis-grow.de\/wp-content\/uploads\/2020\/12\/Kind-am-Wickeltisch-700x1050.jpg 700w, https:\/\/www.hebammenpraxis-grow.de\/wp-content\/uploads\/2020\/12\/Kind-am-Wickeltisch-200x300.jpg 200w, https:\/\/www.hebammenpraxis-grow.de\/wp-content\/uploads\/2020\/12\/Kind-am-Wickeltisch-768x1152.jpg 768w, https:\/\/www.hebammenpraxis-grow.de\/wp-content\/uploads\/2020\/12\/Kind-am-Wickeltisch-1024x1536.jpg 1024w, https:\/\/www.hebammenpraxis-grow.de\/wp-content\/uploads\/2020\/12\/Kind-am-Wickeltisch-1365x2048.jpg 1365w, https:\/\/www.hebammenpraxis-grow.de\/wp-content\/uploads\/2020\/12\/Kind-am-Wickeltisch-800x1200.jpg 800w, https:\/\/www.hebammenpraxis-grow.de\/wp-content\/uploads\/2020\/12\/Kind-am-Wickeltisch-scaled.jpg 1707w\" sizes=\"(max-width: 187px) 100vw, 187px\" \/><\/figure><\/div>\n\n\n\n<p>Wir besprechen alle Eure Fragen rund um Euch und Eure Kinder!<\/p>\n\n\n\n<p>Bitte meldet Euch fr\u00fchzeitig an, damit ich eine Betreuung bei Euch zuhause gew\u00e4hrleisten kann. Ich bitte um Verst\u00e4ndnis, dass ich nur eine begrenzte Anzahl an Nachsorgen pro Monat annehmen kann, damit alle Mamas gut betreut sind und die Qualit\u00e4t erhalten bleibt.<\/p>\n\n\n\n<p>Die Kosten f\u00fcr die Nachsorge\/ Wochenbettbetreuung werden von den gesetzlichen Krankenkassen und von den meisten privaten Krankenkassen \u00fcbernommen.<\/p>\n\n\n\n<p><\/p>\n\n\n\n<p><\/p>\n\n\n\n<p class=\"has-text-color\" style=\"color:#666666\">Apropos\u2026 <\/p>\n\n\n\n<p>F\u00fcr die Zeit nach der Nachsorge, habt Ihr weiter Anspruch auf Hebammenleistungen. <br>Und auch hier \u00fcbernehmen die gesetzlichen Krankenkassen die Kosten!<\/p>\n\n\n\n<h2>Stillberatung &amp; S\u00e4uglingsern\u00e4hrung<\/h2>\n\n\n\n<h3><em>\u201eStillen, F\u00fcttern, Beikost und Co.\u201c<\/em><\/h3>\n\n\n\n<div class=\"wp-block-image\"><figure class=\"alignright size-large is-resized\"><img loading=\"lazy\" src=\"https:\/\/www.hebammenpraxis-grow.de\/wp-content\/uploads\/2020\/12\/Baby-auf-Waage-700x467.jpg\" alt=\"Kind sitzt auf Waage\" class=\"wp-image-540\" width=\"194\" height=\"130\" srcset=\"https:\/\/www.hebammenpraxis-grow.de\/wp-content\/uploads\/2020\/12\/Baby-auf-Waage-700x467.jpg 700w, https:\/\/www.hebammenpraxis-grow.de\/wp-content\/uploads\/2020\/12\/Baby-auf-Waage-300x200.jpg 300w, https:\/\/www.hebammenpraxis-grow.de\/wp-content\/uploads\/2020\/12\/Baby-auf-Waage-768x512.jpg 768w, https:\/\/www.hebammenpraxis-grow.de\/wp-content\/uploads\/2020\/12\/Baby-auf-Waage-1536x1024.jpg 1536w, https:\/\/www.hebammenpraxis-grow.de\/wp-content\/uploads\/2020\/12\/Baby-auf-Waage-2048x1365.jpg 2048w, https:\/\/www.hebammenpraxis-grow.de\/wp-content\/uploads\/2020\/12\/Baby-auf-Waage-800x533.jpg 800w\" sizes=\"(max-width: 194px) 100vw, 194px\" \/><\/figure><\/div>\n\n\n\n<p>Bis zum Ende der Stillzeit oder bei sonstigen Ern\u00e4hrungsproblemen bis zum Ende des 9. Monats nach der Geburt stehe ich Euch bis zu 8x kompetent zur Seite. Egal ob es um Stillschwierigkeiten, Milchstau, Abstillen, S\u00e4uglingsern\u00e4hrung oder Beikost geht. Sollten nochmal Unsicherheiten, Fragen oder Probleme auftreten, dann meldet Euch gerne bei mir!<\/p>\n","protected":false},"excerpt":{"rendered":"<p>Wochenbettbetreuung &amp; Nachsorge \u201eFamilienleben, Abenteuer, Z\u00e4rtlichkeit\u201c Ab dem Tag der Entlassung aus dem Krankenhaus habt Ihr Anspruch auf Hebammenbetreuung bei Euch zu Hause. W\u00e4hrend dieser ersten sensiblen Zeit, bin ich f\u00fcr Euch da. Ich schaue nach Eurer R\u00fcckbildung, Wundheilung, Stillen und F\u00fcttern, Nabelpflege, Gewichtskontrollen beim Kind und unterst\u00fctze Euch dabei, den neuen Familienalltag zu genie\u00dfen&#8230;.<\/p>\n","protected":false},"author":2,"featured_media":479,"parent":0,"menu_order":0,"comment_status":"closed","ping_status":"closed","template":"nosidebar.php","meta":[],"_links":{"self":[{"href":"https:\/\/www.hebammenpraxis-grow.de\/index.php\/wp-json\/wp\/v2\/pages\/216"}],"collection":[{"href":"https:\/\/www.hebammenpraxis-grow.de\/index.php\/wp-json\/wp\/v2\/pages"}],"about":[{"href":"https:\/\/www.hebammenpraxis-grow.de\/index.php\/wp-json\/wp\/v2\/types\/page"}],"author":[{"embeddable":true,"href":"https:\/\/www.hebammenpraxis-grow.de\/index.php\/wp-json\/wp\/v2\/users\/2"}],"replies":[{"embeddable":true,"href":"https:\/\/www.hebammenpraxis-grow.de\/index.php\/wp-json\/wp\/v2\/comments?post=216"}],"version-history":[{"count":9,"href":"https:\/\/www.hebammenpraxis-grow.de\/index.php\/wp-json\/wp\/v2\/pages\/216\/revisions"}],"predecessor-version":[{"id":552,"href":"https:\/\/www.hebammenpraxis-grow.de\/index.php\/wp-json\/wp\/v2\/pages\/216\/revisions\/552"}],"wp:featuredmedia":[{"embeddable":true,"href":"https:\/\/www.hebammenpraxis-grow.de\/index.php\/wp-json\/wp\/v2\/media\/479"}],"wp:attachment":[{"href":"https:\/\/www.hebammenpraxis-grow.de\/index.php\/wp-json\/wp\/v2\/media?parent=216"}],"curies":[{"name":"wp","href":"https:\/\/api.w.org\/{rel}","templated":true}]}}