{"id":39,"date":"2020-11-14T10:04:08","date_gmt":"2020-11-14T09:04:08","guid":{"rendered":"http:\/\/praxis2.doradus.de\/?page_id=39"},"modified":"2020-12-27T14:51:31","modified_gmt":"2020-12-27T13:51:31","slug":"vorgespraech","status":"publish","type":"page","link":"https:\/\/www.hebammenpraxis-grow.de\/index.php\/vorgespraech\/","title":{"rendered":"Schwangerschaft"},"content":{"rendered":"\n<h2><em>\u201eHormone, Gew\u00fcrzgurken, Schokoladencreme\u201c<\/em><\/h2>\n\n\n\n<p>Ihr seid hier, weil gerade etwas Aufregendes passiert. Pl\u00f6tzlich Mama werden, pl\u00f6tzlich Papa werden &#8211; egal ob \u201elang geplant\u201c oder \u201esofort geklappt\u201c, es ist immer besonders und immer anders! <\/p>\n\n\n\n<p>Mit Beginn einer Schwangerschaft startet eine aufregende Zeit. Eine Zeit voller Gl\u00fccksmomente, Herausforderungen und erster Male. Euphorie und \u00dcbergl\u00fccklichsein liegen nahe bei Sorge und Sensibelsein. Das Alles ist ganz normal, denn Euer Leben wird auf den Kopf gestellt und Ihr werdet eine Familie.<\/p>\n\n\n\n<p>Als Eltern betreten wir mit jedem Kind wieder Neuland. Unsere Kinder sind kleine Individuen und die gr\u00f6\u00dften Geschenke, die es gibt.<\/p>\n","protected":false},"excerpt":{"rendered":"<p>\u201eHormone, Gew\u00fcrzgurken, Schokoladencreme\u201c Ihr seid hier, weil gerade etwas Aufregendes passiert. Pl\u00f6tzlich Mama werden, pl\u00f6tzlich Papa werden &#8211; egal ob \u201elang geplant\u201c oder \u201esofort geklappt\u201c, es ist immer besonders und immer anders! Mit Beginn einer Schwangerschaft startet eine aufregende Zeit. Eine Zeit voller Gl\u00fccksmomente, Herausforderungen und erster Male. Euphorie und \u00dcbergl\u00fccklichsein liegen nahe bei Sorge&#8230;<\/p>\n","protected":false},"author":2,"featured_media":553,"parent":0,"menu_order":0,"comment_status":"closed","ping_status":"closed","template":"nosidebar.php","meta":[],"_links":{"self":[{"href":"https:\/\/www.hebammenpraxis-grow.de\/index.php\/wp-json\/wp\/v2\/pages\/39"}],"collection":[{"href":"https:\/\/www.hebammenpraxis-grow.de\/index.php\/wp-json\/wp\/v2\/pages"}],"about":[{"href":"https:\/\/www.hebammenpraxis-grow.de\/index.php\/wp-json\/wp\/v2\/types\/page"}],"author":[{"embeddable":true,"href":"https:\/\/www.hebammenpraxis-grow.de\/index.php\/wp-json\/wp\/v2\/users\/2"}],"replies":[{"embeddable":true,"href":"https:\/\/www.hebammenpraxis-grow.de\/index.php\/wp-json\/wp\/v2\/comments?post=39"}],"version-history":[{"count":17,"href":"https:\/\/www.hebammenpraxis-grow.de\/index.php\/wp-json\/wp\/v2\/pages\/39\/revisions"}],"predecessor-version":[{"id":347,"href":"https:\/\/www.hebammenpraxis-grow.de\/index.php\/wp-json\/wp\/v2\/pages\/39\/revisions\/347"}],"wp:featuredmedia":[{"embeddable":true,"href":"https:\/\/www.hebammenpraxis-grow.de\/index.php\/wp-json\/wp\/v2\/media\/553"}],"wp:attachment":[{"href":"https:\/\/www.hebammenpraxis-grow.de\/index.php\/wp-json\/wp\/v2\/media?parent=39"}],"curies":[{"name":"wp","href":"https:\/\/api.w.org\/{rel}","templated":true}]}}